{"id":34,"date":"2014-06-19T19:52:43","date_gmt":"2014-06-19T17:52:43","guid":{"rendered":"http:\/\/www.gaystammtisch50plusminus.de\/?page_id=34"},"modified":"2026-03-26T13:29:13","modified_gmt":"2026-03-26T12:29:13","slug":"veranstaltungen","status":"publish","type":"page","link":"https:\/\/www.gaystammtisch50plusminus.de\/?page_id=34","title":{"rendered":"Veranstaltungen"},"content":{"rendered":"<hr>\n<h4 style=\"text-align: center;\"><span style=\"color: #993366;\"><strong>Hier findet ihr unsere aktuell geplanten Veranstaltungen<\/strong><\/span><\/h4>\n<h1 style=\"text-align: center;\"><span style=\"color: #993366;\"><strong>2026<\/strong><\/span><\/h1>\n<p><img loading=\"lazy\" decoding=\"async\" class=\"wp-image-2738 size-medium aligncenter\" src=\"http:\/\/www.gaystammtisch50plusminus.de\/wp-content\/uploads\/2024\/06\/Bild_2024-06-08_164108511-300x253.png\" alt=\"\" width=\"300\" height=\"253\" srcset=\"https:\/\/www.gaystammtisch50plusminus.de\/wp-content\/uploads\/2024\/06\/Bild_2024-06-08_164108511-300x253.png 300w, https:\/\/www.gaystammtisch50plusminus.de\/wp-content\/uploads\/2024\/06\/Bild_2024-06-08_164108511-500x422.png 500w, https:\/\/www.gaystammtisch50plusminus.de\/wp-content\/uploads\/2024\/06\/Bild_2024-06-08_164108511.png 741w\" sizes=\"auto, (max-width: 300px) 100vw, 300px\" \/><\/p>\n<h6 style=\"font-size: 16px; text-align: center;\">jeden 2. Freitag im Monat, 19:00 Uhr<br \/>\nim Caf\u00e9-Restaurant Valentino<br \/>\nJordanstr. 2 in 01099 Dresden<br \/>\nTel.&nbsp; 0351 2109595&nbsp;<\/h6>\n<p>&nbsp;<\/p>\n<p>und das sind die Tage im Jahr 2026 :&nbsp;<\/p>\n<p>09.01.2026,&nbsp; 13.02.2026,&nbsp; 13.03.2026&nbsp;<br \/>\n10.04.2026,&nbsp; 08.05.2026,&nbsp; 12.06.2026<br \/>\n10.07.2026,&nbsp; 14.08.2026,&nbsp; 11.09.2026&nbsp;<br \/>\n09.10.2026,&nbsp; 13.11.2026,&nbsp;<br \/>\n11.12.2026&nbsp; ab 16:00 Uhr mit Weihnachtsfeier&nbsp;&nbsp;<\/p>\n<hr>\n<h3><strong><span style=\"color: #008000;\">Aktuelle Hinweise und \u00c4nderungen:&nbsp; &nbsp;<\/span><\/strong><\/h3>\n<p><span style=\"color: #008000;\"><strong>&#8222;Rauchen nicht erw\u00fcnscht&#8220;<\/strong> Die Mehrzahl unserer Stammtischgruppe hat sich daf\u00fcr ausgesprochen, das zum Stammtisch das Rauchen am Tisch nicht erw\u00fcnscht ist. Zum Rauchen k\u00f6nnen die Raucher gern an den Tresen, in den anderen G\u00e4stebereich des Valentino oder bei sch\u00f6nen Wetter auch Au\u00dferhalb des Valentino gehen. Vielen Dank f\u00fcr Euer Verst\u00e4ndnis.&nbsp; &nbsp; &nbsp;<\/span><\/p>\n<p><span style=\"color: #008000;\">D<\/span><span style=\"color: #008000; font-size: 16px;\">ie aktuellen Termine k\u00f6nnt Ihr unten nachlesen.&nbsp;<\/span><\/p>\n<p><span style=\"color: #008000;\">Gern sind Vorschl\u00e4ge f\u00fcr weitere Unternehmungen au\u00dferhalb der Stammtischzeiten erw\u00fcnscht. <\/span>&nbsp;<\/p>\n<hr>\n<p><strong>Freitag,&nbsp; 09.01.2026<\/strong>&nbsp; Stammtisch im Valentino&nbsp;<\/p>\n<hr>\n<p><strong>Freitag,&nbsp; 13.02.2026<\/strong>&nbsp; Stammtisch im Valentino<\/p>\n<hr>\n<p><strong>Freitag,&nbsp; 13.03.2026<\/strong>&nbsp; Stammtisch im Valentino<\/p>\n<hr>\n<p><strong>Freitag,&nbsp; 10.04.2026<\/strong>&nbsp; Stammtisch im Valentino&nbsp;<\/p>\n<hr>\n<p><strong>Freitag,&nbsp; 08.05.2026<\/strong>&nbsp; Stammtisch im Valentino&nbsp; mit Infos zum CSD&nbsp;<\/p>\n<hr>\n<h4><strong>33. CSD in Dresden <\/strong><\/h4>\n<h4><strong>Programmwoche Samstag, 30.05.2026 bis Sonntag,&nbsp; 14.06.2026<\/strong><\/h4>\n<h4><img loading=\"lazy\" decoding=\"async\" class=\"alignnone wp-image-2596\" src=\"http:\/\/www.gaystammtisch50plusminus.de\/wp-content\/uploads\/2024\/03\/Screenshot-2024-03-10-190107-300x251.jpg\" alt=\"\" width=\"150\" height=\"126\" srcset=\"https:\/\/www.gaystammtisch50plusminus.de\/wp-content\/uploads\/2024\/03\/Screenshot-2024-03-10-190107-300x251.jpg 300w, https:\/\/www.gaystammtisch50plusminus.de\/wp-content\/uploads\/2024\/03\/Screenshot-2024-03-10-190107-500x419.jpg 500w, https:\/\/www.gaystammtisch50plusminus.de\/wp-content\/uploads\/2024\/03\/Screenshot-2024-03-10-190107.jpg 608w\" sizes=\"auto, (max-width: 150px) 100vw, 150px\" \/><\/h4>\n<h4><strong>Politisches Stra\u00dfenfest &#8211; Donnerstag,&nbsp; 04.06. &#8211; Samstag, 06.06.2026&nbsp;<br \/>\n<\/strong><br \/>\n<strong>Demo &#8211; Samstag, 06.06.2026 ab 12:00 Uhr&nbsp;&nbsp;<\/strong><\/h4>\n<p>F\u00fcr interessierte Teilnehmer gibt es am Tag der Demo ein Treffen unserer Stammtischfreunde.<br \/>\nWir treffen uns um 14:00 Uhr am Artesischen Brunnen am Albertplatz und schlie\u00dfen uns dem Demonstrationszug in Richtung Altmarkt an. Wer nicht bei der Demo mitlaufen m\u00f6chte kann gern direkt zum Altmarkt fahren und man(n) sieht sich vor Ort.&nbsp;<br \/>\nWeitere Info\u00b4s , inkl. CSD-Veranstaltungsplan und CSD-Demo-Routenbeschreibung wird per Email an alle versendet.&nbsp;<\/p>\n<hr>\n<p><strong>Freitag,&nbsp; 12.06.2026<\/strong>&nbsp; Stammtisch im Valentino&nbsp;&nbsp;<\/p>\n<hr>\n<p><strong>Samstag, 13.06.2026<\/strong>&nbsp; Wandertag von Dresden-Pillnitz zum Blauen Wunder Dresden-Loschwitz<\/p>\n<p><img loading=\"lazy\" decoding=\"async\" class=\"wp-image-2886 alignnone\" src=\"http:\/\/www.gaystammtisch50plusminus.de\/wp-content\/uploads\/2026\/03\/Wandertag-Pillnitz-Loschwitz-73km-300x199.jpg\" alt=\"\" width=\"257\" height=\"171\" srcset=\"https:\/\/www.gaystammtisch50plusminus.de\/wp-content\/uploads\/2026\/03\/Wandertag-Pillnitz-Loschwitz-73km-300x199.jpg 300w, https:\/\/www.gaystammtisch50plusminus.de\/wp-content\/uploads\/2026\/03\/Wandertag-Pillnitz-Loschwitz-73km-500x331.jpg 500w, https:\/\/www.gaystammtisch50plusminus.de\/wp-content\/uploads\/2026\/03\/Wandertag-Pillnitz-Loschwitz-73km.jpg 593w\" sizes=\"auto, (max-width: 257px) 100vw, 257px\" \/><\/p>\n<hr>\n<p><strong>Freitag,&nbsp; 10.07.2026<\/strong>&nbsp; Stammtisch im Valentino&nbsp;&nbsp;<\/p>\n<hr>\n<p><strong>August 2026<\/strong>&nbsp; Kleines Stammtisch-Sommerfest mit Grillen im Kleingarten<\/p>\n<p><img loading=\"lazy\" decoding=\"async\" class=\"alignnone size-medium wp-image-2887\" src=\"http:\/\/www.gaystammtisch50plusminus.de\/wp-content\/uploads\/2026\/03\/Stammtisch-Gartengrillparty-300x138.jpg\" alt=\"\" width=\"300\" height=\"138\" srcset=\"https:\/\/www.gaystammtisch50plusminus.de\/wp-content\/uploads\/2026\/03\/Stammtisch-Gartengrillparty-300x138.jpg 300w, https:\/\/www.gaystammtisch50plusminus.de\/wp-content\/uploads\/2026\/03\/Stammtisch-Gartengrillparty-500x230.jpg 500w, https:\/\/www.gaystammtisch50plusminus.de\/wp-content\/uploads\/2026\/03\/Stammtisch-Gartengrillparty.jpg 543w\" sizes=\"auto, (max-width: 300px) 100vw, 300px\" \/><\/p>\n<hr>\n<p><strong>Freitag,&nbsp; 14.08.2026<\/strong>&nbsp; Stammtisch im Valentino&nbsp;&nbsp;<\/p>\n<hr>\n<p><strong>Freitag,&nbsp; 11.09.2026<\/strong>&nbsp; Stammtisch im Valentino &nbsp;<\/p>\n<hr>\n<p><strong>Freitag,&nbsp; 09.10.2026<\/strong>&nbsp; Stammtisch im Valentino&nbsp;&nbsp;<\/p>\n<hr>\n<p><strong>Freitag,&nbsp; 13.11.2026<\/strong>&nbsp; Stammtisch im Valentino&nbsp;&nbsp;<\/p>\n<hr>\n<p><strong>Freitag,&nbsp; 11.12.2026<\/strong>&nbsp; Stammtisch im Valentino mit Weihnachtsfeier&nbsp; \ud83c\udf85\ud83c\udf84<br \/>\nBeginn:&nbsp; 16:00 Uhr&nbsp;<\/p>\n<hr>\n<p><em>Unsere weiteren Vorschl\u00e4ge f\u00fcr zus\u00e4tzliche Veranstaltungen sind: <\/em><\/p>\n<p><em><br \/>\n&nbsp;&#8211; Besuch der Operette oder Com\u00f6die<br \/>\n&nbsp;&#8211; Gemeinsamer Wandertag mit Siegfried als Wanderf\u00fchrer<br \/>\n&nbsp;&#8211; Rundgang durch den Dresdner Stadtteil&nbsp; &#8222;Neustadt&#8220;&nbsp;<br \/>\n<\/em><em>&nbsp;&#8211; Miniaturpark &#8222;Die Kleine S\u00e4chsische Schweiz&#8220; Dorf Wehlen<\/em><br \/>\n<em>&nbsp;&#8211; Besuch einer Theaterauff\u00fchrung in der St. Pauli Theaterruine<\/em><\/p>\n<hr>\n<p>&nbsp;<\/p>\n","protected":false},"excerpt":{"rendered":"<p>Hier findet ihr unsere aktuell geplanten Veranstaltungen 2026 jeden 2. Freitag im Monat, 19:00 Uhr im Caf\u00e9-Restaurant Valentino Jordanstr. 2 in 01099 Dresden Tel.&nbsp; 0351 2109595&nbsp; &nbsp; und das sind die Tage im Jahr 2026 :&nbsp; 09.01.2026,&nbsp; 13.02.2026,&nbsp; 13.03.2026&nbsp; 10.04.2026,&nbsp; 08.05.2026,&nbsp; 12.06.2026 10.07.2026,&nbsp; 14.08.2026,&nbsp; 11.09.2026&nbsp; 09.10.2026,&nbsp; 13.11.2026,&nbsp; 11.12.2026&nbsp; ab 16:00 Uhr mit Weihnachtsfeier&nbsp;&nbsp; Aktuelle Hinweise [&hellip;]<\/p>\n","protected":false},"author":2,"featured_media":0,"parent":0,"menu_order":0,"comment_status":"closed","ping_status":"closed","template":"","meta":{"ngg_post_thumbnail":0,"footnotes":""},"class_list":["post-34","page","type-page","status-publish","hentry"],"jetpack_sharing_enabled":true,"_links":{"self":[{"href":"https:\/\/www.gaystammtisch50plusminus.de\/index.php?rest_route=\/wp\/v2\/pages\/34","targetHints":{"allow":["GET"]}}],"collection":[{"href":"https:\/\/www.gaystammtisch50plusminus.de\/index.php?rest_route=\/wp\/v2\/pages"}],"about":[{"href":"https:\/\/www.gaystammtisch50plusminus.de\/index.php?rest_route=\/wp\/v2\/types\/page"}],"author":[{"embeddable":true,"href":"https:\/\/www.gaystammtisch50plusminus.de\/index.php?rest_route=\/wp\/v2\/users\/2"}],"replies":[{"embeddable":true,"href":"https:\/\/www.gaystammtisch50plusminus.de\/index.php?rest_route=%2Fwp%2Fv2%2Fcomments&post=34"}],"version-history":[{"count":478,"href":"https:\/\/www.gaystammtisch50plusminus.de\/index.php?rest_route=\/wp\/v2\/pages\/34\/revisions"}],"predecessor-version":[{"id":2889,"href":"https:\/\/www.gaystammtisch50plusminus.de\/index.php?rest_route=\/wp\/v2\/pages\/34\/revisions\/2889"}],"wp:attachment":[{"href":"https:\/\/www.gaystammtisch50plusminus.de\/index.php?rest_route=%2Fwp%2Fv2%2Fmedia&parent=34"}],"curies":[{"name":"wp","href":"https:\/\/api.w.org\/{rel}","templated":true}]}}