{"id":59,"date":"2014-06-24T10:27:17","date_gmt":"2014-06-24T08:27:17","guid":{"rendered":"http:\/\/www.gaystammtisch50plusminus.de\/?page_id=59"},"modified":"2022-01-15T11:24:31","modified_gmt":"2022-01-15T10:24:31","slug":"links","status":"publish","type":"page","link":"https:\/\/www.gaystammtisch50plusminus.de\/?page_id=59","title":{"rendered":"Links"},"content":{"rendered":"<p><a href=\"http:\/\/www.awo-sachsen.de\">www.awo-sachsen.de<\/a><\/p>\n<p>Arbeiterwohlfahrt Landesverband Sachsen e.V. (Georg-Palitzsch-Stra\u00dfe 10,&nbsp;01239 Dresden)<\/p>\n<hr>\n<p><a href=\"http:\/\/www.gerede-dresden.de\/\">www.gerede-dresden.de<\/a><\/p>\n<p>Dresdner Verein f\u00fcr Menschen mit vielf\u00e4ltigen Liebes- und Lebensweisen (z.B. Lesben, Schwule, Bisexuelle und\/oder Transidente sowie Inter*) sowie deren Angeh\u00f6rige.&nbsp; Hier sind viele Gruppen zu finden und es gibt die M\u00f6glichkeit zur Beratung, auch anonym.<\/p>\n<p>Der Gerede e.V. wird u.a. finanziert durch die Gleichstellungsbeauftragte der Landeshauptstadt Dresden<\/p>\n<p><img loading=\"lazy\" decoding=\"async\" class=\"alignnone  wp-image-2139\" src=\"http:\/\/www.gaystammtisch50plusminus.de\/wp-content\/uploads\/2022\/01\/Stammtisch50plusminus-Logo-Gerede-eV._LH-DD.jpeg\" alt=\"\" width=\"240\" height=\"158\"><\/p>\n<hr>\n<p><a href=\"http:\/\/www.csd-dresden.de\/\">www.csd-dresden.de<\/a><\/p>\n<p>Information rund um den CSD in Dresden<\/p>\n<hr>\n<p><strong><a href=\"http:\/\/www.alternativen-koeln.de\/schwule\">www.alternativen-koeln.de\/schwule<\/a><\/strong><\/p>\n<p>Golden Gays&nbsp;K\u00f6ln<\/p>\n<hr>\n<p><a href=\"http:\/\/www.gayandgray.org\/\"><strong>http:\/\/www.gayandgray.org<\/strong><\/a><\/p>\n<p>Gay and Grey M\u00fcnchen<\/p>\n<hr>\n<p><a href=\"http:\/\/www.rosalinde-leipzig.de\/\">http:\/\/www.rosalinde-leipzig.de\/<\/a><\/p>\n<p class=\"bodytext\" style=\"margin: 0cm; margin-bottom: .0001pt;\"><span style=\"font-family: 'Calibri','sans-serif'; color: #3f3f3f;\">RosaLinde Leipzig e.V.<\/span><\/p>\n<hr>\n<p><a href=\"http:\/\/dresden.aidshilfe.de\/\">http:\/\/dresden.aidshilfe.de\/<\/a><\/p>\n<p><strong>Aids-Hilfe Dresden e.V.<\/strong><\/p>\n","protected":false},"excerpt":{"rendered":"<p>www.awo-sachsen.de Arbeiterwohlfahrt Landesverband Sachsen e.V. (Georg-Palitzsch-Stra\u00dfe 10,&nbsp;01239 Dresden) www.gerede-dresden.de Dresdner Verein f\u00fcr Menschen mit vielf\u00e4ltigen Liebes- und Lebensweisen (z.B. Lesben, Schwule, Bisexuelle und\/oder Transidente sowie Inter*) sowie deren Angeh\u00f6rige.&nbsp; Hier sind viele Gruppen zu finden und es gibt die M\u00f6glichkeit zur Beratung, auch anonym. Der Gerede e.V. wird u.a. finanziert durch die Gleichstellungsbeauftragte der Landeshauptstadt [&hellip;]<\/p>\n","protected":false},"author":1,"featured_media":0,"parent":0,"menu_order":0,"comment_status":"closed","ping_status":"closed","template":"","meta":{"ngg_post_thumbnail":0,"footnotes":""},"class_list":["post-59","page","type-page","status-publish","hentry"],"jetpack_sharing_enabled":true,"_links":{"self":[{"href":"https:\/\/www.gaystammtisch50plusminus.de\/index.php?rest_route=\/wp\/v2\/pages\/59","targetHints":{"allow":["GET"]}}],"collection":[{"href":"https:\/\/www.gaystammtisch50plusminus.de\/index.php?rest_route=\/wp\/v2\/pages"}],"about":[{"href":"https:\/\/www.gaystammtisch50plusminus.de\/index.php?rest_route=\/wp\/v2\/types\/page"}],"author":[{"embeddable":true,"href":"https:\/\/www.gaystammtisch50plusminus.de\/index.php?rest_route=\/wp\/v2\/users\/1"}],"replies":[{"embeddable":true,"href":"https:\/\/www.gaystammtisch50plusminus.de\/index.php?rest_route=%2Fwp%2Fv2%2Fcomments&post=59"}],"version-history":[{"count":12,"href":"https:\/\/www.gaystammtisch50plusminus.de\/index.php?rest_route=\/wp\/v2\/pages\/59\/revisions"}],"predecessor-version":[{"id":2140,"href":"https:\/\/www.gaystammtisch50plusminus.de\/index.php?rest_route=\/wp\/v2\/pages\/59\/revisions\/2140"}],"wp:attachment":[{"href":"https:\/\/www.gaystammtisch50plusminus.de\/index.php?rest_route=%2Fwp%2Fv2%2Fmedia&parent=59"}],"curies":[{"name":"wp","href":"https:\/\/api.w.org\/{rel}","templated":true}]}}