{"id":795,"date":"2015-12-04T18:23:27","date_gmt":"2015-12-04T16:23:27","guid":{"rendered":"http:\/\/www.gaystammtisch50plusminus.de\/?page_id=795"},"modified":"2015-12-04T18:23:27","modified_gmt":"2015-12-04T16:23:27","slug":"bundesinteressenvertretung-schwuler-senioren-biss-e-v-gegruendet","status":"publish","type":"page","link":"https:\/\/www.gaystammtisch50plusminus.de\/?page_id=795","title":{"rendered":"Bundesinteressenvertretung schwuler Senioren (BISS) e.V. gegr\u00fcndet"},"content":{"rendered":"<p style=\"text-align: right;\">Bundesinteressenvertretung<br \/>\nSchwuler Senioren (BISS) e.V.<br \/>\nc\/o Aidshilfe NRW<br \/>\nLindenstra\u00dfe 20<br \/>\n50676 K\u00f6ln<br \/>\nbiss@schwuleundalter.de<\/p>\n<p>Am Vortag des Deutschen Seniorentages, auf dem auch Bundeskanzlerin Angela Merkel sprechen wird, wurde ebenfalls in Frankfurt die Bundesinteressenvertretung schwuler M\u00e4nner (BISS) e.V. gegr\u00fcndet. Dem Verband geh\u00f6ren sowohl Organisationen aus dem Bereich der schwulen Seniorenarbeit, der Bildungs- und AIDS-Arbeit als auch engagierte Pers\u00f6nlichkeiten der schwulen Emanzipationsbewegung an.<br \/>\nZiel des Verbandes ist die Sensibilisierung von Politik, Verwaltung, Tr\u00e4gern und Einrichtungen in allen Bereichen der Seniorenarbeit f\u00fcr die Belange \u00e4lterer Schwuler M\u00e4nner. Gemeinsam mit dem \u201eDachverband Lesben und Alter\u201c wird es darum gehen, die Lebenslage gleichgeschlechtlich orientierter Senior_innen, in den Handlungsfeldern Wohnen, Pflege, b\u00fcrgerschaftliches Engagement, Partizipation und Teilhabe zu verbessern und sich in die politische, wissenschaftliche, fachliche und verbandliche Diskussion einzubringen.<br \/>\nInnerhalb der schwulen und queer-Community geht es au\u00dferdem darum, die bestehenden Gruppen vor Ort miteinander nachhaltig zu vernetzen und den Erfahrungsaustausch zu f\u00f6rdern.<br \/>\nZur Gr\u00fcndungsveranstaltung \u00fcberbrachte Staatssekret\u00e4r Dr. Ralf Kleindiek ein Gru\u00dfwort des Ministeriums f\u00fcr Familie, Senioren, Familie und Jugend.<br \/>\nRudolf Herweck, Stellvertretender Vorsitzender der Bundesarbeitsgemeinschaft der Seniorenorganisationen(BAGSO) ging in seinem Gru\u00dfwort auf die Frage ein \u201eob Staat und Gesellschaft heute schon den richtigen Blick auf die Bed\u00fcrfnisse alternder und alter schwuler M\u00e4nner haben.\u201c Er w\u00fcnschte dem neuen Verband viel Erfolg: \u201eWie anderen Senioren geht es Ihnen um nichts anderes als Ihr eigenes Altern und Ihr Alter aktiv zu gestalten und auch die gesellschaftlichen Rahmenbedingungen mitzugestalten. Das ist nicht zu viel verlangt und eigentlich eine Selbstverst\u00e4ndlichkeit.\u201c<br \/>\nDer Vorsitzende des Parit\u00e4tischen Wohlfahrtsverbandes &#8211; Gesamtverband \u2013 Prof. Dr. Rolf Rosenbrock, wies auf die Geschichte von Unterdr\u00fcckung, Diskriminierung und Verfolgung und die Bedrohung durch AIDS hin. Die schwulen M\u00e4nner stehen erst am Anfang \u201emit der organisatorischen, rechtlichen und kulturellen Gestaltung\u201c des eigenen Lebensabends. Die interkulturelle \u00d6ffnung k\u00f6nne ohne die direkte Beteiligung schwuler Senioren nicht erreicht werden.<br \/>\nProf. Dr. Martin Dannecker ging in seinem Vortrag auf Fragen des Alters und des Alterns bei schwulen M\u00e4nnern ein und machte deutlich: \u201eEines scheint mir jedoch sicher zu sein: Die gegenw\u00e4rtigen \u00e4lteren schwulen M\u00e4nner geh\u00f6ren einer Generation an, die sich ein hohe Bewusstsein ihrer gesellschaftlichen Diskriminierung erarbeitet hat und die aktiv an der Umgestaltung der gesellschaftlichen Verh\u00e4ltnisse zu ihren Gunsten teilgenommen hat. Deshalb ist unter ihnen das Gesp\u00fcr f\u00fcr Diskriminierungen im Alter auch besonders ausgepr\u00e4gt.\u201c<br \/>\nIn einem zweiten Fachvortrag ging BISS-Vorstandsmitglied Markus Schupp auf seiner Forschungen im Bereich Altenpflege ein. Wie er aus seiner Fachkenntnis feststellt, beginnen schwule \u00e4ltere und alte M\u00e4nner in ihrem Umkreis auf sich aufmerksam zu machen. Mit BISS werden sie zuk\u00fcnftig auch\u00a0bundesweit Aufmerksamkeit erlangen. Auf der anderen Seite machen sich einige herk\u00f6mmliche Einrichtungen der Altenhilfe auf den Weg, sich f\u00fcr homosexuelle Menschen zu \u00f6ffnen. Diese Entwicklung, so Markus Schupp, ist der Beginn einer Bewegung aufeinander zu, die BISS zuk\u00fcnftig aktiv mit gestalten wird.<br \/>\nDem Vorstand geh\u00f6ren an: Klaus-Dieter Begemann (Hamburg), Georg H\u00e4rpfer (Berlin), Sigmar Fischer (Bielefeld), Reinhard Klenke (K\u00f6ln), Wolfgang Vorhagen (Akademie Waldschl\u00f6sschen, Reinhausen bei G\u00f6ttingen), Georg Roth (K\u00f6ln), Markus Schupp (K\u00f6ln).<br \/>\nF\u00fcr den Vorstand erkl\u00e4rte Georg Roth: \u201eMit unserer neuen Bundesinteressenvertretung BISS wollen wir unseren Beitrag f\u00fcr eine weitere Modernisierung der Senior_innenarbeit leisten. Wenn von Vielfalt in der Senior_innenarbeit die Rede ist, geh\u00f6rt die sexuelle Vielfalt selbstverst\u00e4ndlich dazu, offen und unversteckt. Die Generation Stonewall hat nicht vor, sich im vorger\u00fcckten Alter wegzuducken oder wieder zu verstecken. Dabei k\u00f6nnen wir uns auf die Erfahrung in der Emanzipationsbewegung und die Erfolge in der AIDS-Arbeit st\u00fctzen. Auf unsere Bed\u00fcrfnisse nach einem selbstbestimmten, diskriminierungsfreien Leben m\u00fcssen die Verantwortlichen in allen Bereichen der Senior_innenarbeit angemessen reagieren.\u201c<br \/>\nDer gesamte Gr\u00fcndungsprozess wurde organisatorisch stark von der Aidshilfe NRW und der Akademie Waldschl\u00f6sschen unterst\u00fctzt. Finanzielle Unterst\u00fctzung f\u00fcr die Gr\u00fcndungsveranstaltung des Verbandes kam von abbvie, der Stiftung Homosexuelle Selbsthilfe, der Deutschen AIDS-Hilfe und dem Hessischen Ministerium f\u00fcr Soziales und Integration.<\/p>\n<p>F\u00fcr R\u00fcckfragen wenden Sie sich bitte an:<br \/>\nMarkus Schupp 0179 6909831<br \/>\nGeorg Roth \u00a0 \u00a0 \u00a0 \u00a0 \u00a00177 857996<\/p>\n","protected":false},"excerpt":{"rendered":"<p>Bundesinteressenvertretung Schwuler Senioren (BISS) e.V. c\/o Aidshilfe NRW Lindenstra\u00dfe 20 50676 K\u00f6ln biss@schwuleundalter.de Am Vortag des Deutschen Seniorentages, auf dem auch Bundeskanzlerin Angela Merkel sprechen wird, wurde ebenfalls in Frankfurt die Bundesinteressenvertretung schwuler M\u00e4nner (BISS) e.V. gegr\u00fcndet. Dem Verband geh\u00f6ren sowohl Organisationen aus dem Bereich der schwulen Seniorenarbeit, der Bildungs- und AIDS-Arbeit als auch engagierte [&hellip;]<\/p>\n","protected":false},"author":1,"featured_media":0,"parent":0,"menu_order":0,"comment_status":"closed","ping_status":"closed","template":"","meta":{"ngg_post_thumbnail":0,"footnotes":""},"class_list":["post-795","page","type-page","status-publish","hentry"],"jetpack_sharing_enabled":true,"_links":{"self":[{"href":"https:\/\/www.gaystammtisch50plusminus.de\/index.php?rest_route=\/wp\/v2\/pages\/795","targetHints":{"allow":["GET"]}}],"collection":[{"href":"https:\/\/www.gaystammtisch50plusminus.de\/index.php?rest_route=\/wp\/v2\/pages"}],"about":[{"href":"https:\/\/www.gaystammtisch50plusminus.de\/index.php?rest_route=\/wp\/v2\/types\/page"}],"author":[{"embeddable":true,"href":"https:\/\/www.gaystammtisch50plusminus.de\/index.php?rest_route=\/wp\/v2\/users\/1"}],"replies":[{"embeddable":true,"href":"https:\/\/www.gaystammtisch50plusminus.de\/index.php?rest_route=%2Fwp%2Fv2%2Fcomments&post=795"}],"version-history":[{"count":2,"href":"https:\/\/www.gaystammtisch50plusminus.de\/index.php?rest_route=\/wp\/v2\/pages\/795\/revisions"}],"predecessor-version":[{"id":797,"href":"https:\/\/www.gaystammtisch50plusminus.de\/index.php?rest_route=\/wp\/v2\/pages\/795\/revisions\/797"}],"wp:attachment":[{"href":"https:\/\/www.gaystammtisch50plusminus.de\/index.php?rest_route=%2Fwp%2Fv2%2Fmedia&parent=795"}],"curies":[{"name":"wp","href":"https:\/\/api.w.org\/{rel}","templated":true}]}}